emainder when 21885 is divided by 30?
15
What is the remainder when 388700 is divided by 7621?
29
What is the remainder when 125926 is divided by 13988?
34
Calculate the remainder when 2548 is divided by 100.
48
What is the remainder when 1491 is divided by 206?
49
What is the remainder when 83883 is divided by 223?
35
Calculate the remainder when 28381 is divided by 22.
1
What is the remainder when 45971 is divided by 413?
128
Calculate the remainder when 15017 is divided by 10.
7
What is the remainder when 18749 is divided by 155?
149
Calculate the remainder when 12234 is divided by 287.
180
Calculate the remainder when 19406 is divided by 58.
34
Calculate the remainder when 8085 is divided by 31.
25
What is the remainder when 834260 is divided by 72?
68
Calculate the remainder when 117881 is divided by 666.
665
What is the remainder when 1577339 is divided by 207?
206
What is the remainder when 76390 is divided by 72?
70
What is the remainder when 3564 is divided by 68?
28
What is the remainder when 7937 is divided by 14?
13
What is the remainder when 3705 is divided by 159?
48
What is the remainder when 172596 is divided by 630?
606
Calculate the remainder when 888764 is divided by 71.
57
What is the remainder when 260646 is divided by 13?
9
Calculate the remainder when 7807 is divided by 715.
657
Calculate the remainder when 10849810 is divided by 23.
20
What is the remainder when 173681 is divided by 25?
6
Calculate the remainder when 393 is divided by 187.
19
Calculate the remainder when 2514 is divided by 1236.
42
Calculate the remainder when 80551 is divided by 42.
37
Calculate the remainder when 482180 is divided by 129.
107
Calculate the remainder when 13445 is divided by 113.
111
Calculate the remainder when 15290 is divided by 527.
7
Calculate the remainder when 16748 is divided by 1246.
550
Calculate the remainder when 1539093 is divided by 8.
5
What is the remainder when 259 is divided by 134?
125
What is the remainder when 5440 is divided by 2712?
16
Calculate the remainder when 21381 is divided by 49.
17
What is the remainder when 7427826 is divided by 1727?
1726
Calculate the remainder when 1217 is divided by 303.
5
Calculate the remainder when 870 is divided by 82.
50
What is the remainder when 4886 is divided by 319?
101
What is the remainder when 748 is divided by 109?
94
Calculate the remainder when 136433 is divided by 1872.
1649
What is the remainder when 53619 is divided by 54?
51
Calculate the remainder when 3494 is divided by 15.
14
Calculate the remainder when 1022291 is divided by 170380.
11
What is the remainder when 42650 is divided by 14199?
53
Calculate the remainder when 2160 is divided by 244.
208
What is the remainder when 19960 is divided by 224?
24
Calculate the remainder when 64132 is divided by 22.
2
Calculate the remainder when 158560 is divided by 28.
24
What is the remainder when 3177 is divided by 144?
9
What is the remainder when 16128 is divided by 8045?
38
What is the remainder when 1291820 is divided by 2615?
10
What is the remainder when 21284 is divided by 12?
8
Calculate the remainder when 121093 is divided by 17299.
0
Calculate the remainder when 50113 is divided by 260.
193
Calculate the remainder when 9920 is divided by 2478.
8
What is the remainder when 259 is divided by 53?
47
Calculate the remainder when 6938 is divided by 129.
101
Calculate the remainder when 6214 is divided by 113.
112
Calculate the remainder when 1375 is divided by 418.
121
What is the remainder when 13947 is divided by 113?
48
What is the remainder when 1241 is divided by 378?
107
Calculate the remainder when 45495 is divided by 15165.
0
What is the remainder when 13123 is divided by 38?
13
Calculate the remainder when 210569 is divided by 25.
19
What is the remainder when 470 is divided by 124?
98
Calculate the remainder when 91846 is divided by 20.
6
What is the remainder when 37130 is divided by 2056?
122
What is the remainder when 6231 is divided by 1882?
585
Calculate the remainder when 10424 is divided by 15.
14
What is the remainder when 10707 is divided by 323?
48
What is the remainder when 1092 is divided by 28?
0
What is the remainder when 70441 is divided by 1718?
3
Calculate the remainder when 16649 is divided by 5460.
269
What is the remainder when 31309 is divided by 726?
91
Calculate the remainder when 23430 is divided by 202.
200
What is the remainder when 27252 is divided by 15?
12
Calculate the remainder when 33705 is divided by 115.
10
Calculate the remainder when 2950 is divided by 297.
277
What is the remainder when 25927 is divided by 393?
382
Calculate the remainder when 13233 is divided by 1102.
9
What is the remainder when 53114 is divided by 26541?
32
What is the remainder when 193326 is divided by 172?
170
What is the remainder when 3875 is divided by 215?
5
What is the remainder when 1356127 is divided by 16?
15
Calculate the remainder when 5024 is divided by 1536.
416
Calculate the remainder when 2034 is divided by 176.
98
What is the remainder when 244529 is divided by 59?
33
Calculate the remainder when 483490 is divided by 333.
307
What is the remainder when 208028 is divided by 44?
40
What is the remainder when 18767 is divided by 3745?
42
What is the remainder when 1218 is divided by 403?
9
Calculate the remainder when 139787 is divided by 21.
11
Calculate the remainder when 30198 is divided by 227.
7
Calculate the remainder when 317860 is divided by 168.
4
Calculate the remainder when 5796 is divided by 1073.
431
Calculate the remainder when 5287 is divided by 220.
7
Calculate the remainder when 392998 is divided by 750.
748
What is the remainder when 1610 is divided by 1424?
186
Calculate the remainder when 6376 is divided by 130.
6
Calculate the remainder when 33118 is divided by 360.
358
Calculate the remainder when 8688 is divided by 2.
0
What is the remainder when 15990 is divided by 25?
15
What is the remainder when 416284 is divided by 14?
8
What is the remainder when 2884 is divided by 127?
90
Calculate the remainder when 60099 is divided by 1431.
1428
Calculate the remainder when 16119 is divided by 7952.
215
Calculate the remainder when 1999 is divided by 54.
1
Calculate the remainder when 201937 is divided by 419.
398
Calculate the remainder when 10614 is divided by 1326.
6
Calculate the remainder when 12310 is divided by 85.
70
Calculate the remainder when 4001 is divided by 267.
263
Calculate the remainder when 330955 is divided by 560.
555
What is the remainder when 280729 is divided by 21592?
33
What is the remainder when 1049034 is divided by 1488?
1482
Calculate the remainder when 82075 is divided by 41033.
9
Calculate the remainder when 87287 is divided by 65.
57
Calculate the remainder when 33105 is divided by 2758.
9
What is the remainder when 20175 is divided by 171?
168
What is the remainder when 6187 is divided by 26?
25
What is the remainder when 55897 is divided by 5?
2
Calculate the remainder when 39395 is divided by 438.
413
What is the remainder when 4297 is divided by 1050?
97
What is the remainder when 15084 is divided by 686?
678
What is the remainder when 284240 is divided by 63?
47
What is the remainder when 2938367 is divided by 25?
17
Calculate the remainder when 102797 is divided by 51395.
7
Calculate the remainder when 450046 is divided by 96.
94
What is the remainder when 3837 is divided by 34?
29
Calculate the remainder when 58099 is divided by 256.
243
Calculate the remainder when 11191 is divided by 41.
39
What is the remainder when 8071 is divided by 3904?
263
What is the remainder when 17032 is divided by 3406?
2
What is the remainder when 54217 is divided by 4?
1
What is the remainder when 7856 is divided by 508?
236
What is the remainder when 3214 is divided by 350?
64
Calculate the remainder when 478 is divided by 424.
54
Calculate the remainder when 6652 is divided by 860.
632
What is the remainder when 94403 is divided by 1310?
83
What is the remainder when 51576 is divided by 521?
518
Calculate the remainder when 977 is divided by 23.
11
What is the remainder when 747 is divided by 138?
57
Calculate the remainder when 82040 is divided by 128.
120
What is the remainder when 960 is divided by 369?
222
Calculate the remainder when 2